. What is the units digit of v(b)?
1
Let a = 234 + -132. Let t = a + 105. What is the units digit of t?
7
Let b(h) = -6*h**3 - 14*h**2 - 5*h - 4. Let r(n) = n**3 + n**2 + 1. Let u(f) = -b(f) - 5*r(f). What is the tens digit of u(-5)?
7
Let y = -592 + 939. What is the tens digit of y?
4
Let c be 5 + -3 - 5 - -1. Let j = 14 - 9. What is the units digit of 11/(c + j/2)?
2
Suppose -8*o = -9*o + 72. What is the units digit of 16/o + (-410)/(-18)?
3
Let s(d) = -d**3 + 2*d**2 + 5*d - 2. Let q be s(3). Let o = -4 + q. Suppose o = g + g - 4. What is the units digit of g?
2
Suppose 36 = 4*u + 2*u. What is the units digit of 4/4 + (-3)/(u/(-320))?
1
Let u = -24 + 65. Let x = 24 + u. What is the units digit of x?
5
Suppose -6*a + 825 = 5*a. Let l = a - -29. What is the units digit of l?
4
Let c = 737 + -141. What is the hundreds digit of c?
5
Suppose 0 = 3*q + 3*q. Suppose -182 = -q*f - 7*f. What is the tens digit of f?
2
Let t(f) = 688*f + 237. What is the units digit of t(6)?
5
Let r(t) = t**2 - 3*t - 15. Let o be r(-5). Let s = o + 12. What is the units digit of s?
7
Let q be 22/2*-1*-1. Suppose -3*w + 11 + 1 = 3*d, -2*d = -w - q. What is the units digit of (-215)/(-15) + w/3?
4
Suppose -19*q + 3963 + 1566 = 0. What is the units digit of q?
1
What is the tens digit of (-5806)/(-8) - (20 - 1105/52)?
2
Let t be (96/(-10))/(-2) - 12/(-60). Suppose 731 = 5*a + 3*q - q, -3*q = t*a - 734. What is the hundreds digit of a?
1
Let w = 3038 + -410. What is the hundreds digit of w?
6
Suppose 0 = -52*u + 49*u + 3378. What is the thousands digit of u?
1
Suppose 4*z - 28 = 4. Suppose z*a - 30 = 6*a. Let d = a - -20. What is the units digit of d?
5
Let i(o) be the first derivative of -o**4/4 + 3*o**3 + o**2/2 + 3*o - 11. What is the tens digit of i(8)?
7
Suppose 8*b - 4*b - 4*m = -12, -9 = -3*m. Suppose b = -2*d - d + 426. What is the units digit of 38/(-95) - d/(-5)?
8
Let h be -1 + ((-6)/(-7) - (-5)/35). What is the units digit of (8 + h)/(1/25)?
0
Let y = 2 - 2. Let a(f) = -f**3 - f + 59. What is the units digit of a(y)?
9
Suppose -67*t + 24*t + 164991 = 0. What is the hundreds digit of t?
8
Suppose 0 = 28*g + 16*g - 108240. What is the units digit of g?
0
Let s(i) = 45*i - 22. What is the tens digit of s(15)?
5
Let t(p) = -p**3 - 2*p**2 + 5*p - 1. Let o be t(-4). Let y(l) = -1 + o + 4*l**2 - 3*l**2 + 10*l. What is the tens digit of y(-11)?
2
Let s be ((-6336)/(-160))/((-4)/(-30) + 0). Suppose -4*i + 2*t + 628 = 0, 2*i - s - 33 = 5*t. What is the units digit of i?
5
Suppose 12 = -5*z - 18. Let f be (2/6)/(z/(-612)). Suppose -2 + f = 4*g. What is the units digit of g?
8
Let h(o) = -8 + o**2 + 2 - 5*o - 4. Let g be h(7). Suppose -g*f = -60 - 20. What is the tens digit of f?
2
Suppose 0 = 6*g + 14 + 28. What is the units digit of (g/3)/((-1)/3)?
7
Let x(g) = 6*g - 2. Let o be x(-3). Let y be (o/5)/(2/(-1)). Let b(z) = 24*z - 2. What is the tens digit of b(y)?
4
Suppose -4*u + 9 = 5*v - 2*v, -4*v = -u + 7. Let y(b) = -142*b - 9. What is the tens digit of y(v)?
3
Let j(l) = 8*l**3 - 7*l**3 + 8*l**2 + 2*l + 2*l**2 - 12. Let s be j(-9). What is the tens digit of -2 + 3 + s + -2?
5
Let l be (-1)/(17/(-6) - -3). Let u(a) = 3*a + 10. Let s be u(l). What is the tens digit of (-110)/s - 3/(-12)?
1
Suppose -15 = -3*c - 3. Suppose -w + 14 = -5*b, -c*w - w + 22 = -b. Suppose 3*y + 2*y - 108 = -w*h, 4*y = -2*h + 48. What is the units digit of h?
2
Let s = -16 + 22. Suppose -11*c + s = -9*c. Suppose -c*m = m - 164. What is the tens digit of m?
4
Let w(n) = 7*n - 12 - 9*n + 2. Suppose 28 = x - 5*x. What is the units digit of w(x)?
4
Suppose -k + 3 = 0, -30 = 2*h - 5*k + 199. Let i = -34 - h. What is the units digit of i?
3
Suppose 208 = -20*k - 452. Let d = k - -63. What is the units digit of d?
0
Let a = -9 - -15. Let h = a + -4. Suppose h*b + 29 = 3*b. What is the units digit of b?
9
What is the tens digit of 5971/3 + 20/(-15)?
8
Let w = 3384 + -1576. What is the units digit of w?
8
Let r(p) = p**2 - 13*p - 11. Let j be r(14). What is the units digit of (0 + 6)*j/18?
1
Suppose -10 = -2*s + 2*f, 0 = -5*s + s + 3*f + 25. Let w = -7 + s. Suppose -5*r + 2*c = -20, w = 2*r - c - 4. What is the units digit of r?
6
Suppose -7 = -2*g - r, -g + 4*r - 8 = -4*g. Suppose 14 = 2*n + g. Let y = 15 + n. What is the units digit of y?
0
Let b = -120 + 197. Let i(t) = 2*t**3 - 13*t**2 - t + 48. Let o be i(9). What is the units digit of o/22 + (-14)/b?
0
Suppose -x + 1933 = j, -4*x - 3*j + 10233 = 2497. What is the hundreds digit of x?
9
Let k(x) = -13*x**3 + 3*x**2 + 16*x - 28. What is the tens digit of k(-4)?
8
Let w(o) = -325*o - 3. What is the tens digit of w(-1)?
2
Let i(z) = -63*z**3 - z**2 - 5*z + 3. What is the hundreds digit of i(-3)?
7
Let r(z) = 4 - 3*z**2 + 6*z + 7*z**2 - 4*z - 4*z - 5*z**3. What is the units digit of r(-3)?
1
Let z = -17 + 25. Suppose -z = -2*f - 32. What is the tens digit of f/54 + 254/9?
2
Let h(d) = -d - 4. Let v be h(-12). Let b be (-162)/(-5) - v/20. Suppose -22 = -3*p + b. What is the tens digit of p?
1
Suppose -11*y = -23*y + 60. Suppose -2*l = 5*s - 1333, -2*s - y*l + 546 = -l. What is the hundreds digit of s?
2
Suppose -m = -3*z - 49, 5*z + 79 = -2*m + m. Let j = 11 - z. What is the units digit of j?
7
Let v(z) = -z**3 - 9*z**2 - 13*z - 18. Let i be v(-9). What is the hundreds digit of i + (-7)/(-9) + (-28)/(-126)?
1
Let a(z) = -6*z**3 - 4*z**2 - 1. Let x be a(-3). Suppose -2*k = -3*k - g + x, 5*k = 2*g + 660. What is the tens digit of k?
3
Suppose -5*t = v + 3*v - 1700, -2*v + 10 = 0. What is the tens digit of t?
3
Let r(d) = 30*d**2 - 2*d - 1. Let x be (-5)/(-10) - 12/8. Let w be r(x). Suppose 0 = s + 9 - w. What is the units digit of s?
2
Suppose 4*s = 2*u + 334, 5*s - 3*u - 2*u = 420. Suppose -4*p + 205 = -s. What is the tens digit of p?
7
Suppose 3*i - 24 = -4*h + 4*i, -3*h + 18 = -4*i. Let x = 1 + 2. What is the units digit of (x - h) + 3*13?
6
Suppose 8 = 2*i - 2. Suppose -3*t - 36 - 15 = -3*g, -3*g + 27 = i*t. Let p = 3 + g. What is the tens digit of p?
1
Suppose 5*r - 2572 = -132. Suppose -113 = 5*o - r. What is the units digit of o?
5
Suppose 0 = -5*n + n + 192. Let x = n - 68. What is the units digit of (-1)/(2/x) - -1?
1
Suppose -2*i - 13 = -3*s, i - 2 = -4*s + 8. Suppose v + s*j = 40, j = -3*v - 2*j + 90. What is the tens digit of v?
2
Suppose 9614 = 16*l + 3134. What is the tens digit of l?
0
Let n(b) = -b + 16. Let x be n(-12). Suppose -14 = -3*m + 5*m + 5*j, 4*m - x = 4*j. What is the tens digit of (-3)/6*-34 + m?
2
Let b = 60 - 59. Let s(u) = u**3 - 5*u**2 + 5*u - 2. Let n be s(4). Suppose -n*d - 4*i + 55 + 39 = 0, -i = b. What is the units digit of d?
9
Let s(w) = -18*w - 41. What is the units digit of s(-17)?
5
Let v(t) be the second derivative of t**4/6 + 4*t**3/3 - 10*t**2 - 9*t. What is the units digit of v(-9)?
0
Let b be -3*(-1 - 0) - -25. Suppose -3*t - 18 = -3*r, b = 2*r - 0*t + 2*t. Suppose -2*w = 3*l + r - 32, 2*w - 38 = 5*l. What is the units digit of w?
4
Let z = -212 + 122. Let l = 180 + z. What is the tens digit of l?
9
Suppose -4*i + 1 + 19 = 0. Let o be i/(4/(7 + -3)). Suppose 12 = b - s, -2 - 2 = b - o*s. What is the units digit of b?
6
Let o(p) = -26*p - 29. Let s be o(14). Let w = -199 - s. What is the tens digit of w?
9
Suppose 0 = -4*n + 5306 + 3486. What is the hundreds digit of n?
1
Suppose 2 + 2 = 2*h. Suppose 4*o - o - 11 = y, 0 = 5*y + 4*o - h. Let t = 27 + y. What is the units digit of t?
5
Let o = 46 + -8. Suppose -4*q = -9*q - 60. Let u = o + q. What is the tens digit of u?
2
Suppose 6*s - 2*s - 1480 = 4*v, -5*s + 1844 = v. Suppose 0 = -3*j + 12*j - s. What is the tens digit of j?
4
What is the units digit of (1452/(-36))/((-2)/6)?
1
Suppose -3*h - n = -8*h + 320, 0 = 3*n. Suppose 2*j - 24 - h = 0. What is the tens digit of j?
4
Let z = 1898 - 656. What is the units digit of z?
2
Let b = -1406 - -2059. What is the hundreds digit of b?
6
Suppose 2710 = 3*f - 4*b, 4*b = -3*f + 639 + 2111. What is the tens digit of f?
1
Let x be 1*(-44)/(-20) - (-2)/(-10). Suppose 5*b - t = 2*t + 677, x*b + t = 273. What is the units digit of b?
6
Let x(g) = 56*g + 7. Let w be x(9). Let y = w - 286. What is the tens digit of y?
2
Let j(z) = 36*z**2 + z + 1. Suppose x + 0*b + 2*b + 1 = 0, -5*b = x + 1. What is the tens digit of j(